5*w - 6965. What is z(-5)?
-2840
Let q(r) = 1084*r - 17059. Give q(16).
285
Let k(b) = -79406*b - 7305331. What is k(-92)?
21
Let h(t) = 15620*t + 124904. What is h(-8)?
-56
Let r(k) = k**3 + 9*k**2 - 253*k + 2515. Give r(-24).
-53
Let n(o) = 9*o**2 - 946*o - 16667. Calculate n(-18).
3277
Let y(z) = z**2 - 44299*z + 2035675. Determine y(46).
37
Let d(q) = -6724*q + 94486. Calculate d(14).
350
Let b(o) = -o**3 + 200*o**2 + 1213*o + 48808. Calculate b(207).
-44
Let t(j) = -59*j**3 - 12271*j**2 + 219*j + 1749. What is t(-208)?
-539
Let c(d) = d**2 - 468*d + 3231. Determine c(7).
4
Let k(v) = -2*v**2 - 52139*v - 4728069. Give k(-91).
18
Let x(m) = 303*m**2 - 1796*m - 535. What is x(6)?
-403
Let a(x) = 109*x**3 - 5*x**2 - 47*x - 77. Calculate a(-3).
-2924
Let m(j) = -j**2 + 106*j + 6465. Give m(-43).
58
Let a(k) = 10*k**2 + 1904*k + 11050. What is a(-6)?
-14
Let v(g) = -g**2 - 302*g - 13353. Give v(-248).
39
Let q(w) = w**3 - 9*w**2 + 152*w - 1300. What is q(9)?
68
Let y(v) = 7*v**2 - 16*v + 97. Calculate y(18).
2077
Let u(w) = -9*w**3 + 685*w**2 - 68*w - 613. Determine u(76).
-5
Let j(w) = -2*w**2 - 81*w + 13. Give j(-2).
167
Let o(i) = 5*i**3 + 253*i**2 + 676*i + 26229. What is o(-50)?
-71
Let r(x) = x**3 - 124*x**2 - 263*x + 1793. Determine r(126).
407
Let x(w) = 28*w**2 - 6723*w + 39337. What is x(6)?
7
Let r(x) = 454763*x - 8640494. Give r(19).
3
Let g(s) = 5*s**2 + 235*s + 234. Determine g(-36).
-1746
Let k(x) = -x**2 + 320*x - 12090. Give k(44).
54
Let c(b) = -b**3 + 225*b**2 - 2355*b + 231. What is c(214)?
17
Let b(k) = -19*k**2 - 2987*k - 8866. Calculate b(-3).
-76
Let n(v) = 2*v**3 + 159*v**2 + 2221*v - 90. What is n(-18)?
-216
Let b(k) = -62*k**2 - 21080*k + 15. Give b(-340).
15
Let t(z) = -23*z**3 + 913*z**2 + 377*z - 3877. Give t(40).
3
Let d(x) = -2*x**2 + 151*x - 3025. Determine d(37).
-176
Let d(f) = 26455*f + 1163996. Calculate d(-44).
-24
Let b(h) = -123*h**2 - 89*h - 6. Give b(-1).
-40
Let s(k) = 5*k**2 + 497*k + 11563. Give s(-62).
-31
Let g(w) = w**2 + 136757*w - 1230902. Determine g(9).
-8
Let t(z) = -791*z + 2463. Give t(5).
-1492
Let j(i) = 308226*i - 924815. What is j(3)?
-137
Let y(g) = 25028*g - 150130. What is y(6)?
38
Let d(x) = -23*x**2 + 2696*x - 48548. Calculate d(95).
-3
Let p(f) = -453*f + 27549. Give p(61).
-84
Let y(c) = -6415*c**2 - 205315*c - 1124. What is y(-32)?
-4
Let d(q) = 4*q**2 + 198*q + 2260. Determine d(-46).
1616
Let u(o) = o**3 + 24*o**2 + 226*o + 1088. Calculate u(-13).
9
Let y(m) = -6*m**3 - 152*m**2 - 427*m + 289. Give y(-22).
3
Let k(r) = -2*r**3 - 106*r**2 - 1375*r + 385. Determine k(-24).
-23
Let b(s) = -81*s - 6342. What is b(-95)?
1353
Let a(y) = -2816*y + 10929. Give a(4).
-335
Let t(f) = 5*f**2 - 2355*f - 4726. What is t(-2)?
4
Let q(k) = -9595*k + 681276. Give q(71).
31
Let l(k) = k**3 + 68*k**2 + 659*k - 177. Determine l(-12).
-21
Let h(a) = 13*a**3 + 543*a**2 - 3887*a + 59. Determine h(-48).
11
Let b(q) = -q**2 + 2068*q + 149167. Determine b(-70).
-493
Let y(j) = -j**3 - 31*j**2 - 72*j - 730. Determine y(-29).
-324
Let w(j) = 4*j**2 - 175*j - 227. Determine w(12).
-1751
Let z(o) = 212981*o + 4472602. Calculate z(-21).
1
Let z(m) = -m**2 - 5664*m - 124240. Give z(-22).
-116
Let w(z) = z**3 + 2*z**2 - 71689*z - 215068. Determine w(-3).
-10
Let k(u) = 14292*u - 1029028. Give k(72).
-4
Let v(m) = m**2 + 577*m + 13800. What is v(-25)?
0
Let b(l) = -866*l - 49251. What is b(-58)?
977
Let f(c) = -61*c**3 + 2114*c**2 - 1361*c + 27. Determine f(34).
-7
Let d(g) = -266*g**2 - 7484*g - 18. What is d(-28)?
990
Let d(y) = 4360*y + 231125. Calculate d(-53).
45
Let s(v) = -6*v**3 - 276*v**2 - 611*v - 3645. Calculate s(-44).
7
Let h(t) = -2*t**2 - 199*t + 13578. Determine h(-146).
0
Let r(s) = -173*s - 299. Calculate r(0).
-299
Let s(j) = -2731*j + 2247537. What is s(823)?
-76
Let c(t) = 3*t**3 + 5*t**2 + 13254*t - 13258. What is c(1)?
4
Let u(o) = -2*o**3 + 85*o**2 - 455*o - 123. What is u(6)?
-225
Let k(h) = 357*h**3 + 2*h**2 - 11*h + 10. Give k(1).
358
Let k(j) = 4*j**3 + 1243*j**2 - 2813*j + 1209. Calculate k(-313).
-43
Let w(g) = 24*g**2 - 3653*g + 4375. Calculate w(151).
-4
Let h(w) = -5*w**3 + 561*w**2 - 129*w + 3110. What is h(112)?
1206
Let f(p) = 10*p**2 + 769*p + 8478. Give f(-11).
1229
Let t(u) = -7*u + 285. Give t(75).
-240
Let u(l) = -6717*l + 8841. Give u(1).
2124
Let g(s) = -2*s**3 + 163*s**2 - 2435*s + 1049. What is g(62)?
-5
Let l(v) = v**2 - 51*v - 512. Calculate l(-23).
1190
Let q(p) = 25*p**3 - 198*p**2 + 29*p - 226. Determine q(8).
134
Let i(t) = -17*t**3 - 13*t**2 + 286*t - 272. What is i(1)?
-16
Let a(w) = -173*w**2 + 41326*w + 5021. Give a(239).
2
Let v(g) = -3*g**3 + 2*g**2 + 198001*g + 198000. Give v(-1).
4
Let n(x) = -11790*x - 153235. Calculate n(-13).
35
Let c(n) = -4*n**2 - 192*n - 370. Give c(-2).
-2
Let i(s) = -s**3 + 44*s**2 + 905*s - 152. Give i(59).
1028
Let f(z) = 2*z**3 - 575*z**2 + 449*z - 46531. Give f(287).
-37
Let w(k) = -k**3 - 65*k**2 + 44*k - 1385. Give w(-66).
67
Let p(q) = 3*q**3 - 26*q**2 + 182*q - 1333. What is p(8)?
-5
Let z(a) = -2*a**3 - 178*a**2 + 750*a + 544. Determine z(-93).
-14
Let i(c) = c**2 - 29431*c + 176539. What is i(6)?
-11
Let y(z) = -67*z**2 - 807*z + 46. Determine y(-12).
82
Let w(z) = -176*z**3 + 896*z**2 - 155*z + 369. Calculate w(5).
-6
Let c(q) = -8*q**2 - 876*q - 15138. Determine c(-88).
-2
Let b(y) = 1690*y + 6282. Determine b(-3).
1212
Let j(w) = -w**3 - 27*w**2 + 223*w + 7260. Give j(-23).
15
Let p(o) = 3*o**3 - 18*o**2 - 56*o + 358. What is p(5)?
3
Let y(t) = 12*t**2 - 263*t + 1857. Give y(7).
604
Let b(u) = 1888*u - 234032. Give b(124).
80
Let z(j) = -13765*j - 110180. What is z(-8)?
-60
Let j(p) = -12211*p - 122106. Determine j(-10).
4
Let o(j) = 21*j**2 - 37055*j - 37057. Give o(-1).
19
Let c(y) = y**3 - 96*y**2 - 419*y + 948. Determine c(100).
-952
Let a(l) = 174*l**3 + 157*l**2 - 322*l + 9. Give a(2).
1385
Let d(y) = -754*y - 10022. Determine d(-14).
534
Let l(s) = 11328*s + 6479612. Determine l(-572).
-4
Let l(h) = -181151*h + 5072226. Calculate l(28).
-2
Let f(w) = -743*w + 3683. Give f(5).
-32
Let b(y) = -4536*y + 303693. Calculate b(67).
-219
Let k(w) = 2*w**2 + 467*w - 5128. Give k(11).
251
Let a(l) = 573066*l + 1719198. Give a(-3).
0
Let y(m) = 1202*m**2 + 13099*m - 52. Determine y(-11).
1301
Let i(n) = 17702*n - 53101. What is i(3)?
5
Let d(t) = -852405*t - 4262010. Give d(-5).
15
Let r(n) = 21416*n + 1. What is r(0)?
1
Let r(w) = w**3 - 12*w**2 - 1596*w + 24493. Determine r(16).
-19
Let b(z) = z**2 - 44*z - 2177. Give b(-52).
2815
Let x(o) = 7*o**3 + 12*o**2 + 124*o - 651. Give x(6).
2037
Let b(r) = -5*r**3 - 5*r**2 + 104693*r + 209402. What is b(-2)?
36
Let z(c) = c**3 + 162*c**2 - 3579*c + 11141. What is z(-182)?
39
Let r(f) = -3*f**3 + 211*f**2 - 330*f + 3667. Give r(69).
-59
Let n(s) = 6*s**3 - 2*s**2 - 155*s - 453. Give n(-3).
-168
Let w(x) = 3*x**3 - 8518*x**2 - 34122*x - 2. Give w(-4).
6
Let w(n) = 11*n**2 - 1033*n + 1870. Calculate w(92).
-62
Let t(y) = 1105*y**3 + 5*y**2 - 96*y - 101. Calculate t(-1).
-1105
Let c(p) = -2*p**2 + 2153*p + 61862. Give c(-28).
10
Let s(r) = -2*r**3 + 44*r**2 - 221*r + 152. Determine s(15).
-13
Let t(c) = 2442*c - 62057. Give t(25).
-1007
Let y(z) = z**3 - z**2 - 14049*z + 56102. What is y(4)?
-46
Let p(a) = -3*a**3 + 299*a**2 - 4649*a + 724. Determine p(19).
-245
Let u(t) = -2*t**3 + 304*t**2 + 720*t + 32556. What is u(155)?
6
Let d(l) = 786*l**3 - 72*l**2. Give d(1).
714
Let b(q) = -2*q**2 + 415*q - 3162. Give b(8).
30
Let x(k) = -k**2 + 1538*k + 9215. Calculate x(-6).
-49
Let y(r) = 27*r**2 - 656*r - 4067. Calculate y(31).
1544
Let v(n) = n**3 + 32*n**2 - 4*n - 51. Calculate v(-35).
-3586
Let a(w) = 248811*w + 1741653. Determine a(-7).
-24
Let g(s) = -95*s - 844. What is g(-7)?
-179
Let x(r) = 13*r**3 + 7*r**2 - 816*r - 824. Determine x(-1).
-14
Let q(c) = -69*c**3 + 4552*c**2 + 147*c - 1070. Give q(66).
-80
Let n(b) = b**3 + 46*b**2 + 39*b + 284. Calculate n(-45).
554
Let f(y) = 322*y**2 - 2602*y + 224. Give f(8).
16
Let l(t) = t**3 - 17*t**2 - 193*t - 88. Determine l(25).
87
Let q(p) = 32*p - 2093. Give q(61).
-141
Let d(f) = -5930*f**2 - 71152*f + 59. Determine d(-12).
-37
Let t(x) = -x**3 - 1353*x**2 - 16088*x + 43. What is t(-12)?
-5
Let t(y) = y**3 - 213*y**2 - 629